{"id":15,"date":"2019-04-23T11:52:43","date_gmt":"2019-04-23T11:52:43","guid":{"rendered":"http:\/\/strandurlaubzinnowitz.de\/?page_id=15"},"modified":"2022-07-02T17:06:14","modified_gmt":"2022-07-02T17:06:14","slug":"foto-galerie","status":"publish","type":"page","link":"https:\/\/strandurlaubzinnowitz.de\/?page_id=15","title":{"rendered":"Unsere Foto &#8211; Galerie"},"content":{"rendered":"\n<p><strong>Unsere Fotogalerie<\/strong><\/p>\n\n\n\n<p>Genie\u00dfen Sie einfach einige Impressionen zu unserer Insel Usedom und den m\u00f6glichen Aktivit\u00e4ten.<\/p>\n\n\n\n<p><\/p>\n\n\n\n<div class=\"alignnormal\"><div id=\"metaslider-id-180\" style=\"width: 100%;\" class=\"ml-slider-3-108-0 metaslider metaslider-flex metaslider-180 ml-slider has-dots-nav ms-theme-default\" role=\"region\" aria-label=\"Galerie\" data-height=\"280\" data-width=\"400\">\n    <div id=\"metaslider_container_180\">\n        <div id=\"metaslider_180\">\n            <ul class='slides'>\n                <li style=\"display: block; width: 100%;\" class=\"slide-196 ms-image \" aria-roledescription=\"slide\" data-date=\"2022-07-02 14:10:21\" data-filename=\"1-391x274.jpg\" data-slide-type=\"image\"><img loading=\"lazy\" decoding=\"async\" src=\"https:\/\/strandurlaubzinnowitz.de\/wp-content\/uploads\/2022\/07\/1-391x274.jpg\" height=\"280\" width=\"400\" alt=\"\" class=\"slider-180 slide-196 msDefaultImage\" title=\"1\" \/><\/li>\n                <li style=\"display: none; width: 100%;\" class=\"slide-197 ms-image \" aria-roledescription=\"slide\" data-date=\"2022-07-02 14:10:22\" data-filename=\"Fotolia_401104_XS.jpg\" data-slide-type=\"image\"><img loading=\"lazy\" decoding=\"async\" src=\"https:\/\/strandurlaubzinnowitz.de\/wp-content\/uploads\/2022\/07\/Fotolia_401104_XS.jpg\" height=\"280\" width=\"400\" alt=\"\" class=\"slider-180 slide-197 msDefaultImage\" title=\"Fotolia_401104_XS\" \/><\/li>\n                <li style=\"display: none; width: 100%;\" class=\"slide-198 ms-image \" aria-roledescription=\"slide\" data-date=\"2022-07-02 14:10:22\" data-filename=\"Fotolia_1652039_XS.jpg\" data-slide-type=\"image\"><img loading=\"lazy\" decoding=\"async\" src=\"https:\/\/strandurlaubzinnowitz.de\/wp-content\/uploads\/2022\/07\/Fotolia_1652039_XS.jpg\" height=\"280\" width=\"400\" alt=\"\" class=\"slider-180 slide-198 msDefaultImage\" title=\"Fotolia_1652039_XS\" \/><\/li>\n                <li style=\"display: none; width: 100%;\" class=\"slide-199 ms-image \" aria-roledescription=\"slide\" data-date=\"2022-07-02 14:10:22\" data-filename=\"Fotolia_3907574_XS.jpg\" data-slide-type=\"image\"><img loading=\"lazy\" decoding=\"async\" src=\"https:\/\/strandurlaubzinnowitz.de\/wp-content\/uploads\/2022\/07\/Fotolia_3907574_XS.jpg\" height=\"280\" width=\"400\" alt=\"\" class=\"slider-180 slide-199 msDefaultImage\" title=\"Fotolia_3907574_XS\" \/><\/li>\n                <li style=\"display: none; width: 100%;\" class=\"slide-200 ms-image \" aria-roledescription=\"slide\" data-date=\"2022-07-02 14:10:22\" data-filename=\"Fotolia_5259217_XS.jpg\" data-slide-type=\"image\"><img loading=\"lazy\" decoding=\"async\" src=\"https:\/\/strandurlaubzinnowitz.de\/wp-content\/uploads\/2022\/07\/Fotolia_5259217_XS.jpg\" height=\"280\" width=\"400\" alt=\"\" class=\"slider-180 slide-200 msDefaultImage\" title=\"Fotolia_5259217_XS\" \/><\/li>\n                <li style=\"display: none; width: 100%;\" class=\"slide-201 ms-image \" aria-roledescription=\"slide\" data-date=\"2022-07-02 14:10:22\" data-filename=\"Fotolia_6497678_XS.jpg\" data-slide-type=\"image\"><img loading=\"lazy\" decoding=\"async\" src=\"https:\/\/strandurlaubzinnowitz.de\/wp-content\/uploads\/2022\/07\/Fotolia_6497678_XS.jpg\" height=\"280\" width=\"400\" alt=\"\" class=\"slider-180 slide-201 msDefaultImage\" title=\"Fotolia_6497678_XS\" \/><\/li>\n                <li style=\"display: none; width: 100%;\" class=\"slide-202 ms-image \" aria-roledescription=\"slide\" data-date=\"2022-07-02 14:10:23\" data-filename=\"Fotolia_6504391_XS.jpg\" data-slide-type=\"image\"><img loading=\"lazy\" decoding=\"async\" src=\"https:\/\/strandurlaubzinnowitz.de\/wp-content\/uploads\/2022\/07\/Fotolia_6504391_XS.jpg\" height=\"280\" width=\"400\" alt=\"\" class=\"slider-180 slide-202 msDefaultImage\" title=\"Fotolia_6504391_XS\" \/><\/li>\n                <li style=\"display: none; width: 100%;\" class=\"slide-203 ms-image \" aria-roledescription=\"slide\" data-date=\"2022-07-02 14:10:23\" data-filename=\"Fotolia_10217065_XS.jpg\" data-slide-type=\"image\"><img loading=\"lazy\" decoding=\"async\" src=\"https:\/\/strandurlaubzinnowitz.de\/wp-content\/uploads\/2022\/07\/Fotolia_10217065_XS.jpg\" height=\"280\" width=\"400\" alt=\"\" class=\"slider-180 slide-203 msDefaultImage\" title=\"Fotolia_10217065_XS\" \/><\/li>\n                <li style=\"display: none; width: 100%;\" class=\"slide-204 ms-image \" aria-roledescription=\"slide\" data-date=\"2022-07-02 14:10:23\" data-filename=\"Fotolia_12112583_XS.jpg\" data-slide-type=\"image\"><img loading=\"lazy\" decoding=\"async\" src=\"https:\/\/strandurlaubzinnowitz.de\/wp-content\/uploads\/2022\/07\/Fotolia_12112583_XS.jpg\" height=\"280\" width=\"400\" alt=\"\" class=\"slider-180 slide-204 msDefaultImage\" title=\"Fotolia_12112583_XS\" \/><\/li>\n                <li style=\"display: none; width: 100%;\" class=\"slide-205 ms-image \" aria-roledescription=\"slide\" data-date=\"2022-07-02 14:10:23\" data-filename=\"Fotolia_18698677_XS.jpg\" data-slide-type=\"image\"><img loading=\"lazy\" decoding=\"async\" src=\"https:\/\/strandurlaubzinnowitz.de\/wp-content\/uploads\/2022\/07\/Fotolia_18698677_XS.jpg\" height=\"280\" width=\"400\" alt=\"\" class=\"slider-180 slide-205 msDefaultImage\" title=\"Fotolia_18698677_XS\" \/><\/li>\n                <li style=\"display: none; width: 100%;\" class=\"slide-206 ms-image \" aria-roledescription=\"slide\" data-date=\"2022-07-02 14:10:24\" data-filename=\"Fotolia_22076636_XS.jpg\" data-slide-type=\"image\"><img loading=\"lazy\" decoding=\"async\" src=\"https:\/\/strandurlaubzinnowitz.de\/wp-content\/uploads\/2022\/07\/Fotolia_22076636_XS.jpg\" height=\"280\" width=\"400\" alt=\"\" class=\"slider-180 slide-206 msDefaultImage\" title=\"Fotolia_22076636_XS\" \/><\/li>\n                <li style=\"display: none; width: 100%;\" class=\"slide-207 ms-image \" aria-roledescription=\"slide\" data-date=\"2022-07-02 14:10:24\" data-filename=\"Fotolia_22529594_XS.jpg\" data-slide-type=\"image\"><img loading=\"lazy\" decoding=\"async\" src=\"https:\/\/strandurlaubzinnowitz.de\/wp-content\/uploads\/2022\/07\/Fotolia_22529594_XS.jpg\" height=\"280\" width=\"400\" alt=\"\" class=\"slider-180 slide-207 msDefaultImage\" title=\"Fotolia_22529594_XS\" \/><\/li>\n                <li style=\"display: none; width: 100%;\" class=\"slide-208 ms-image \" aria-roledescription=\"slide\" data-date=\"2022-07-02 14:10:24\" data-filename=\"Fotolia_22651632_XS.jpg\" data-slide-type=\"image\"><img loading=\"lazy\" decoding=\"async\" src=\"https:\/\/strandurlaubzinnowitz.de\/wp-content\/uploads\/2022\/07\/Fotolia_22651632_XS.jpg\" height=\"280\" width=\"400\" alt=\"\" class=\"slider-180 slide-208 msDefaultImage\" title=\"Fotolia_22651632_XS\" \/><\/li>\n                <li style=\"display: none; width: 100%;\" class=\"slide-209 ms-image \" aria-roledescription=\"slide\" data-date=\"2022-07-02 14:10:24\" data-filename=\"Fotolia_23917894_XS.jpg\" data-slide-type=\"image\"><img loading=\"lazy\" decoding=\"async\" src=\"https:\/\/strandurlaubzinnowitz.de\/wp-content\/uploads\/2022\/07\/Fotolia_23917894_XS.jpg\" height=\"280\" width=\"400\" alt=\"\" class=\"slider-180 slide-209 msDefaultImage\" title=\"Fotolia_23917894_XS\" \/><\/li>\n                <li style=\"display: none; width: 100%;\" class=\"slide-210 ms-image \" aria-roledescription=\"slide\" data-date=\"2022-07-02 14:10:24\" data-filename=\"Fotolia_29821459_XS.jpg\" data-slide-type=\"image\"><img loading=\"lazy\" decoding=\"async\" src=\"https:\/\/strandurlaubzinnowitz.de\/wp-content\/uploads\/2022\/07\/Fotolia_29821459_XS.jpg\" height=\"280\" width=\"400\" alt=\"\" class=\"slider-180 slide-210 msDefaultImage\" title=\"Fotolia_29821459_XS\" \/><\/li>\n                <li style=\"display: none; width: 100%;\" class=\"slide-225 ms-image \" aria-roledescription=\"slide\" data-date=\"2022-07-02 14:13:36\" data-filename=\"2-391x274.jpg\" data-slide-type=\"image\"><img loading=\"lazy\" decoding=\"async\" src=\"https:\/\/strandurlaubzinnowitz.de\/wp-content\/uploads\/2022\/07\/2-391x274.jpg\" height=\"280\" width=\"400\" alt=\"\" class=\"slider-180 slide-225 msDefaultImage\" title=\"2\" \/><\/li>\n                <li style=\"display: none; width: 100%;\" class=\"slide-226 ms-image \" aria-roledescription=\"slide\" data-date=\"2022-07-02 14:13:36\" data-filename=\"Fotolia_4317689_XS.jpg\" data-slide-type=\"image\"><img loading=\"lazy\" decoding=\"async\" src=\"https:\/\/strandurlaubzinnowitz.de\/wp-content\/uploads\/2022\/07\/Fotolia_4317689_XS.jpg\" height=\"280\" width=\"400\" alt=\"\" class=\"slider-180 slide-226 msDefaultImage\" title=\"Fotolia_4317689_XS\" \/><\/li>\n                <li style=\"display: none; width: 100%;\" class=\"slide-227 ms-image \" aria-roledescription=\"slide\" data-date=\"2022-07-02 14:13:37\" data-filename=\"Fotolia_9480382_XS.jpg\" data-slide-type=\"image\"><img loading=\"lazy\" decoding=\"async\" src=\"https:\/\/strandurlaubzinnowitz.de\/wp-content\/uploads\/2022\/07\/Fotolia_9480382_XS.jpg\" height=\"280\" width=\"400\" alt=\"\" class=\"slider-180 slide-227 msDefaultImage\" title=\"Fotolia_9480382_XS\" \/><\/li>\n                <li style=\"display: none; width: 100%;\" class=\"slide-228 ms-image \" aria-roledescription=\"slide\" data-date=\"2022-07-02 14:13:37\" data-filename=\"Fotolia_17531058_XS.jpg\" data-slide-type=\"image\"><img loading=\"lazy\" decoding=\"async\" src=\"https:\/\/strandurlaubzinnowitz.de\/wp-content\/uploads\/2022\/07\/Fotolia_17531058_XS.jpg\" height=\"280\" width=\"400\" alt=\"\" class=\"slider-180 slide-228 msDefaultImage\" title=\"Fotolia_17531058_XS\" \/><\/li>\n                <li style=\"display: none; width: 100%;\" class=\"slide-229 ms-image \" aria-roledescription=\"slide\" data-date=\"2022-07-02 14:13:37\" data-filename=\"Fotolia_26316955_XS.jpg\" data-slide-type=\"image\"><img loading=\"lazy\" decoding=\"async\" src=\"https:\/\/strandurlaubzinnowitz.de\/wp-content\/uploads\/2022\/07\/Fotolia_26316955_XS.jpg\" height=\"280\" width=\"400\" alt=\"\" class=\"slider-180 slide-229 msDefaultImage\" title=\"Fotolia_26316955_XS\" \/><\/li>\n                <li style=\"display: none; width: 100%;\" class=\"slide-230 ms-image \" aria-roledescription=\"slide\" data-date=\"2022-07-02 14:13:37\" data-filename=\"IMG_0977_1.jpg\" data-slide-type=\"image\"><img loading=\"lazy\" decoding=\"async\" src=\"https:\/\/strandurlaubzinnowitz.de\/wp-content\/uploads\/2022\/07\/IMG_0977_1.jpg\" height=\"280\" width=\"400\" alt=\"\" class=\"slider-180 slide-230 msDefaultImage\" title=\"IMG_0977_1\" \/><\/li>\n                <li style=\"display: none; width: 100%;\" class=\"slide-231 ms-image \" aria-roledescription=\"slide\" data-date=\"2022-07-02 14:13:37\" data-filename=\"IMG_0980_1.jpg\" data-slide-type=\"image\"><img loading=\"lazy\" decoding=\"async\" src=\"https:\/\/strandurlaubzinnowitz.de\/wp-content\/uploads\/2022\/07\/IMG_0980_1.jpg\" height=\"280\" width=\"400\" alt=\"\" class=\"slider-180 slide-231 msDefaultImage\" title=\"IMG_0980_1\" \/><\/li>\n                <li style=\"display: none; width: 100%;\" class=\"slide-232 ms-image \" aria-roledescription=\"slide\" data-date=\"2022-07-02 14:13:38\" data-filename=\"IMG_0981_1.jpg\" data-slide-type=\"image\"><img loading=\"lazy\" decoding=\"async\" src=\"https:\/\/strandurlaubzinnowitz.de\/wp-content\/uploads\/2022\/07\/IMG_0981_1.jpg\" height=\"280\" width=\"400\" alt=\"\" class=\"slider-180 slide-232 msDefaultImage\" title=\"IMG_0981_1\" \/><\/li>\n                <li style=\"display: none; width: 100%;\" class=\"slide-233 ms-image \" aria-roledescription=\"slide\" data-date=\"2022-07-02 14:13:38\" data-filename=\"IMG_0986_1.jpg\" data-slide-type=\"image\"><img loading=\"lazy\" decoding=\"async\" src=\"https:\/\/strandurlaubzinnowitz.de\/wp-content\/uploads\/2022\/07\/IMG_0986_1.jpg\" height=\"280\" width=\"400\" alt=\"\" class=\"slider-180 slide-233 msDefaultImage\" title=\"IMG_0986_1\" \/><\/li>\n                <li style=\"display: none; width: 100%;\" class=\"slide-234 ms-image \" aria-roledescription=\"slide\" data-date=\"2022-07-02 14:13:38\" data-filename=\"IMG_0987_1.jpg\" data-slide-type=\"image\"><img loading=\"lazy\" decoding=\"async\" src=\"https:\/\/strandurlaubzinnowitz.de\/wp-content\/uploads\/2022\/07\/IMG_0987_1.jpg\" height=\"280\" width=\"400\" alt=\"\" class=\"slider-180 slide-234 msDefaultImage\" title=\"IMG_0987_1\" \/><\/li>\n                <li style=\"display: none; width: 100%;\" class=\"slide-235 ms-image \" aria-roledescription=\"slide\" data-date=\"2022-07-02 14:13:38\" data-filename=\"IMG_0991_1.jpg\" data-slide-type=\"image\"><img loading=\"lazy\" decoding=\"async\" src=\"https:\/\/strandurlaubzinnowitz.de\/wp-content\/uploads\/2022\/07\/IMG_0991_1.jpg\" height=\"280\" width=\"400\" alt=\"\" class=\"slider-180 slide-235 msDefaultImage\" title=\"IMG_0991_1\" \/><\/li>\n                <li style=\"display: none; width: 100%;\" class=\"slide-236 ms-image \" aria-roledescription=\"slide\" data-date=\"2022-07-02 14:13:39\" data-filename=\"IMG_1005_1.jpg\" data-slide-type=\"image\"><img loading=\"lazy\" decoding=\"async\" src=\"https:\/\/strandurlaubzinnowitz.de\/wp-content\/uploads\/2022\/07\/IMG_1005_1.jpg\" height=\"280\" width=\"400\" alt=\"\" class=\"slider-180 slide-236 msDefaultImage\" title=\"IMG_1005_1\" \/><\/li>\n                <li style=\"display: none; width: 100%;\" class=\"slide-237 ms-image \" aria-roledescription=\"slide\" data-date=\"2022-07-02 14:13:39\" data-filename=\"IMG_1009_1.jpg\" data-slide-type=\"image\"><img loading=\"lazy\" decoding=\"async\" src=\"https:\/\/strandurlaubzinnowitz.de\/wp-content\/uploads\/2022\/07\/IMG_1009_1.jpg\" height=\"280\" width=\"400\" alt=\"\" class=\"slider-180 slide-237 msDefaultImage\" title=\"IMG_1009_1\" \/><\/li>\n                <li style=\"display: none; width: 100%;\" class=\"slide-238 ms-image \" aria-roledescription=\"slide\" data-date=\"2022-07-02 14:13:39\" data-filename=\"IMG_1011_1.jpg\" data-slide-type=\"image\"><img loading=\"lazy\" decoding=\"async\" src=\"https:\/\/strandurlaubzinnowitz.de\/wp-content\/uploads\/2022\/07\/IMG_1011_1.jpg\" height=\"280\" width=\"400\" alt=\"\" class=\"slider-180 slide-238 msDefaultImage\" title=\"IMG_1011_1\" \/><\/li>\n            <\/ul>\n        <\/div>\n        \n    <\/div>\n<\/div><\/div>\n","protected":false},"excerpt":{"rendered":"<p>Unsere Fotogalerie Genie\u00dfen Sie einfach einige Impressionen zu unserer Insel Usedom und den m\u00f6glichen Aktivit\u00e4ten.<\/p>\n","protected":false},"author":1,"featured_media":0,"parent":0,"menu_order":0,"comment_status":"closed","ping_status":"closed","template":"","meta":{"footnotes":""},"class_list":["post-15","page","type-page","status-publish","hentry"],"yoast_head":"<!-- This site is optimized with the Yoast SEO plugin v27.5 - https:\/\/yoast.com\/product\/yoast-seo-wordpress\/ -->\n<title>Unsere Foto - Galerie - Ferienwohnungen in Zinnowitz<\/title>\n<meta name=\"robots\" content=\"index, follow, max-snippet:-1, max-image-preview:large, max-video-preview:-1\" \/>\n<link rel=\"canonical\" href=\"https:\/\/strandurlaubzinnowitz.de\/?page_id=15\" \/>\n<meta property=\"og:locale\" content=\"de_DE\" \/>\n<meta property=\"og:type\" content=\"article\" \/>\n<meta property=\"og:title\" content=\"Unsere Foto - Galerie - Ferienwohnungen in Zinnowitz\" \/>\n<meta property=\"og:description\" content=\"Unsere Fotogalerie Genie\u00dfen Sie einfach einige Impressionen zu unserer Insel Usedom und den m\u00f6glichen Aktivit\u00e4ten.\" \/>\n<meta property=\"og:url\" content=\"https:\/\/strandurlaubzinnowitz.de\/?page_id=15\" \/>\n<meta property=\"og:site_name\" content=\"Ferienwohnungen in Zinnowitz\" \/>\n<meta property=\"article:modified_time\" content=\"2022-07-02T17:06:14+00:00\" \/>\n<meta name=\"twitter:card\" content=\"summary_large_image\" \/>\n<meta name=\"twitter:label1\" content=\"Gesch\u00e4tzte Lesezeit\" \/>\n\t<meta name=\"twitter:data1\" content=\"1\u00a0Minute\" \/>\n<script type=\"application\/ld+json\" class=\"yoast-schema-graph\">{\"@context\":\"https:\\\/\\\/schema.org\",\"@graph\":[{\"@type\":\"WebPage\",\"@id\":\"https:\\\/\\\/strandurlaubzinnowitz.de\\\/?page_id=15\",\"url\":\"https:\\\/\\\/strandurlaubzinnowitz.de\\\/?page_id=15\",\"name\":\"Unsere Foto - Galerie - Ferienwohnungen in Zinnowitz\",\"isPartOf\":{\"@id\":\"https:\\\/\\\/strandurlaubzinnowitz.de\\\/#website\"},\"datePublished\":\"2019-04-23T11:52:43+00:00\",\"dateModified\":\"2022-07-02T17:06:14+00:00\",\"breadcrumb\":{\"@id\":\"https:\\\/\\\/strandurlaubzinnowitz.de\\\/?page_id=15#breadcrumb\"},\"inLanguage\":\"de\",\"potentialAction\":[{\"@type\":\"ReadAction\",\"target\":[\"https:\\\/\\\/strandurlaubzinnowitz.de\\\/?page_id=15\"]}]},{\"@type\":\"BreadcrumbList\",\"@id\":\"https:\\\/\\\/strandurlaubzinnowitz.de\\\/?page_id=15#breadcrumb\",\"itemListElement\":[{\"@type\":\"ListItem\",\"position\":1,\"name\":\"Startseite\",\"item\":\"https:\\\/\\\/strandurlaubzinnowitz.de\\\/\"},{\"@type\":\"ListItem\",\"position\":2,\"name\":\"Unsere Foto &#8211; Galerie\"}]},{\"@type\":\"WebSite\",\"@id\":\"https:\\\/\\\/strandurlaubzinnowitz.de\\\/#website\",\"url\":\"https:\\\/\\\/strandurlaubzinnowitz.de\\\/\",\"name\":\"Ferienwohnungen in Zinnowitz\",\"description\":\"www.strandurlaub-zinnowitz.de\",\"potentialAction\":[{\"@type\":\"SearchAction\",\"target\":{\"@type\":\"EntryPoint\",\"urlTemplate\":\"https:\\\/\\\/strandurlaubzinnowitz.de\\\/?s={search_term_string}\"},\"query-input\":{\"@type\":\"PropertyValueSpecification\",\"valueRequired\":true,\"valueName\":\"search_term_string\"}}],\"inLanguage\":\"de\"}]}<\/script>\n<!-- \/ Yoast SEO plugin. -->","yoast_head_json":{"title":"Unsere Foto - Galerie - Ferienwohnungen in Zinnowitz","robots":{"index":"index","follow":"follow","max-snippet":"max-snippet:-1","max-image-preview":"max-image-preview:large","max-video-preview":"max-video-preview:-1"},"canonical":"https:\/\/strandurlaubzinnowitz.de\/?page_id=15","og_locale":"de_DE","og_type":"article","og_title":"Unsere Foto - Galerie - Ferienwohnungen in Zinnowitz","og_description":"Unsere Fotogalerie Genie\u00dfen Sie einfach einige Impressionen zu unserer Insel Usedom und den m\u00f6glichen Aktivit\u00e4ten.","og_url":"https:\/\/strandurlaubzinnowitz.de\/?page_id=15","og_site_name":"Ferienwohnungen in Zinnowitz","article_modified_time":"2022-07-02T17:06:14+00:00","twitter_card":"summary_large_image","twitter_misc":{"Gesch\u00e4tzte Lesezeit":"1\u00a0Minute"},"schema":{"@context":"https:\/\/schema.org","@graph":[{"@type":"WebPage","@id":"https:\/\/strandurlaubzinnowitz.de\/?page_id=15","url":"https:\/\/strandurlaubzinnowitz.de\/?page_id=15","name":"Unsere Foto - Galerie - Ferienwohnungen in Zinnowitz","isPartOf":{"@id":"https:\/\/strandurlaubzinnowitz.de\/#website"},"datePublished":"2019-04-23T11:52:43+00:00","dateModified":"2022-07-02T17:06:14+00:00","breadcrumb":{"@id":"https:\/\/strandurlaubzinnowitz.de\/?page_id=15#breadcrumb"},"inLanguage":"de","potentialAction":[{"@type":"ReadAction","target":["https:\/\/strandurlaubzinnowitz.de\/?page_id=15"]}]},{"@type":"BreadcrumbList","@id":"https:\/\/strandurlaubzinnowitz.de\/?page_id=15#breadcrumb","itemListElement":[{"@type":"ListItem","position":1,"name":"Startseite","item":"https:\/\/strandurlaubzinnowitz.de\/"},{"@type":"ListItem","position":2,"name":"Unsere Foto &#8211; Galerie"}]},{"@type":"WebSite","@id":"https:\/\/strandurlaubzinnowitz.de\/#website","url":"https:\/\/strandurlaubzinnowitz.de\/","name":"Ferienwohnungen in Zinnowitz","description":"www.strandurlaub-zinnowitz.de","potentialAction":[{"@type":"SearchAction","target":{"@type":"EntryPoint","urlTemplate":"https:\/\/strandurlaubzinnowitz.de\/?s={search_term_string}"},"query-input":{"@type":"PropertyValueSpecification","valueRequired":true,"valueName":"search_term_string"}}],"inLanguage":"de"}]}},"_links":{"self":[{"href":"https:\/\/strandurlaubzinnowitz.de\/index.php?rest_route=\/wp\/v2\/pages\/15","targetHints":{"allow":["GET"]}}],"collection":[{"href":"https:\/\/strandurlaubzinnowitz.de\/index.php?rest_route=\/wp\/v2\/pages"}],"about":[{"href":"https:\/\/strandurlaubzinnowitz.de\/index.php?rest_route=\/wp\/v2\/types\/page"}],"author":[{"embeddable":true,"href":"https:\/\/strandurlaubzinnowitz.de\/index.php?rest_route=\/wp\/v2\/users\/1"}],"replies":[{"embeddable":true,"href":"https:\/\/strandurlaubzinnowitz.de\/index.php?rest_route=%2Fwp%2Fv2%2Fcomments&post=15"}],"version-history":[{"count":4,"href":"https:\/\/strandurlaubzinnowitz.de\/index.php?rest_route=\/wp\/v2\/pages\/15\/revisions"}],"predecessor-version":[{"id":246,"href":"https:\/\/strandurlaubzinnowitz.de\/index.php?rest_route=\/wp\/v2\/pages\/15\/revisions\/246"}],"wp:attachment":[{"href":"https:\/\/strandurlaubzinnowitz.de\/index.php?rest_route=%2Fwp%2Fv2%2Fmedia&parent=15"}],"curies":[{"name":"wp","href":"https:\/\/api.w.org\/{rel}","templated":true}]}}