{"id":13,"date":"2019-04-23T11:52:43","date_gmt":"2019-04-23T11:52:43","guid":{"rendered":"http:\/\/strandurlaubzinnowitz.de\/?page_id=13"},"modified":"2022-07-02T17:09:16","modified_gmt":"2022-07-02T17:09:16","slug":"freizeitgestaltung","status":"publish","type":"page","link":"https:\/\/strandurlaubzinnowitz.de\/?page_id=13","title":{"rendered":"Freizeitgestaltung"},"content":{"rendered":"\n<h2 class=\"wp-block-heading\">Auf der Insel Usedom erwartet Sie ein reichhaltiges Angebot zur Freizeitgestaltung.<\/h2>\n\n\n\n<p>Hier nun einige Tipps, um Ihnen die  Gestaltung des Aufenthalts auf der Insel Usedom zu erleichtern.<\/p>\n\n\n\n<p>Alle Wanderfreunde finden in ca. 200m Entfernung zu \nunserem Ferienobjekt den K\u00fcstenwald. Dieser grenzt direkt an die D\u00fcnen \ndes 42 km langen Sandstrandes der Insel Usedom. Die Strandabschnitte f\u00fcr\n FKK-Anh\u00e4nger, Hundestrand und  Textilstrand sind dann unweit zu \nerreichen. <\/p>\n\n\n\n<p>Sie haben die M\u00f6glichkeit zum Angeln oder Hochseefischen f\u00fcr klein und gro\u00df und jung und alt. <br>Au\u00dferdem finden Sie in unmittelbarer Umgebung das historisch technische Museum in Peenem\u00fcnde. <br>Historisches Kriegsmaterial der Geschichte ist dort ausgestellt wie  z.B. einer VII Rakete und das gr\u00f6\u00dfte U-Boot der Welt, welches auch  besichtigt werden darf.<br>Unsere Tennisanlagen k\u00f6nnen sowohl von Freizeit- wie auch Aktivsportlern und nat\u00fcrlich Senioren genutzt werden. <br>In k\u00e4lteren Jahreszeiten ist das t\u00e4gliche Wassertreten in der Ostsee und das Wandern sehr belebend und zugleich gesund. <br>Radwege auf der Insel Usedom sind sehr umfangreich ausgebaut, so  dass Sie die Insel mit dem Fahrrad ausgiebig erkunden k\u00f6nnen.       <\/p>\n\n\n\n<p>Mit etwas Gl\u00fcck bekommen Sie dabei Adler, Bieber,  Wiesende, Hirsche, Fischotter oder weitere Tiere der Usedomer  Naturschutzgebiete zu gesicht.<br>Reisen Sie mit Hund, ist dieser bei uns herzlich Willkommen und wird am  eigens daf\u00fcr eingerichteten Hundestrand mit anderen Artgenossen Spiel,  Strand und Meer teilen. <br>Ein Picknick, Lagerfeuer oder Grillabend am Strand wird dazu beitragen einen unvergesslichen Urlaub zu erleben. <br>Kitesurfen, verschiedene Wassersportangebote und eine Trampolinanlage  runden das umfangreiche Freizeitangebot in Zinnowitz ab.  <\/p>\n\n\n\n<p><\/p>\n\n\n\n<p>      <\/p>\n","protected":false},"excerpt":{"rendered":"<p>Auf der Insel Usedom erwartet Sie ein reichhaltiges Angebot zur Freizeitgestaltung. Hier nun einige Tipps, um Ihnen die Gestaltung des<\/p>\n","protected":false},"author":1,"featured_media":0,"parent":0,"menu_order":0,"comment_status":"closed","ping_status":"closed","template":"","meta":{"footnotes":""},"class_list":["post-13","page","type-page","status-publish","hentry"],"yoast_head":"<!-- This site is optimized with the Yoast SEO plugin v27.5 - https:\/\/yoast.com\/product\/yoast-seo-wordpress\/ -->\n<title>Freizeitgestaltung - Ferienwohnungen in Zinnowitz<\/title>\n<meta name=\"robots\" content=\"index, follow, max-snippet:-1, max-image-preview:large, max-video-preview:-1\" \/>\n<link rel=\"canonical\" href=\"https:\/\/strandurlaubzinnowitz.de\/?page_id=13\" \/>\n<meta property=\"og:locale\" content=\"de_DE\" \/>\n<meta property=\"og:type\" content=\"article\" \/>\n<meta property=\"og:title\" content=\"Freizeitgestaltung - Ferienwohnungen in Zinnowitz\" \/>\n<meta property=\"og:description\" content=\"Auf der Insel Usedom erwartet Sie ein reichhaltiges Angebot zur Freizeitgestaltung. Hier nun einige Tipps, um Ihnen die Gestaltung des\" \/>\n<meta property=\"og:url\" content=\"https:\/\/strandurlaubzinnowitz.de\/?page_id=13\" \/>\n<meta property=\"og:site_name\" content=\"Ferienwohnungen in Zinnowitz\" \/>\n<meta property=\"article:modified_time\" content=\"2022-07-02T17:09:16+00:00\" \/>\n<meta name=\"twitter:card\" content=\"summary_large_image\" \/>\n<meta name=\"twitter:label1\" content=\"Gesch\u00e4tzte Lesezeit\" \/>\n\t<meta name=\"twitter:data1\" content=\"2\u00a0Minuten\" \/>\n<script type=\"application\/ld+json\" class=\"yoast-schema-graph\">{\"@context\":\"https:\\\/\\\/schema.org\",\"@graph\":[{\"@type\":\"WebPage\",\"@id\":\"https:\\\/\\\/strandurlaubzinnowitz.de\\\/?page_id=13\",\"url\":\"https:\\\/\\\/strandurlaubzinnowitz.de\\\/?page_id=13\",\"name\":\"Freizeitgestaltung - Ferienwohnungen in Zinnowitz\",\"isPartOf\":{\"@id\":\"https:\\\/\\\/strandurlaubzinnowitz.de\\\/#website\"},\"datePublished\":\"2019-04-23T11:52:43+00:00\",\"dateModified\":\"2022-07-02T17:09:16+00:00\",\"breadcrumb\":{\"@id\":\"https:\\\/\\\/strandurlaubzinnowitz.de\\\/?page_id=13#breadcrumb\"},\"inLanguage\":\"de\",\"potentialAction\":[{\"@type\":\"ReadAction\",\"target\":[\"https:\\\/\\\/strandurlaubzinnowitz.de\\\/?page_id=13\"]}]},{\"@type\":\"BreadcrumbList\",\"@id\":\"https:\\\/\\\/strandurlaubzinnowitz.de\\\/?page_id=13#breadcrumb\",\"itemListElement\":[{\"@type\":\"ListItem\",\"position\":1,\"name\":\"Startseite\",\"item\":\"https:\\\/\\\/strandurlaubzinnowitz.de\\\/\"},{\"@type\":\"ListItem\",\"position\":2,\"name\":\"Freizeitgestaltung\"}]},{\"@type\":\"WebSite\",\"@id\":\"https:\\\/\\\/strandurlaubzinnowitz.de\\\/#website\",\"url\":\"https:\\\/\\\/strandurlaubzinnowitz.de\\\/\",\"name\":\"Ferienwohnungen in Zinnowitz\",\"description\":\"www.strandurlaub-zinnowitz.de\",\"potentialAction\":[{\"@type\":\"SearchAction\",\"target\":{\"@type\":\"EntryPoint\",\"urlTemplate\":\"https:\\\/\\\/strandurlaubzinnowitz.de\\\/?s={search_term_string}\"},\"query-input\":{\"@type\":\"PropertyValueSpecification\",\"valueRequired\":true,\"valueName\":\"search_term_string\"}}],\"inLanguage\":\"de\"}]}<\/script>\n<!-- \/ Yoast SEO plugin. -->","yoast_head_json":{"title":"Freizeitgestaltung - Ferienwohnungen in Zinnowitz","robots":{"index":"index","follow":"follow","max-snippet":"max-snippet:-1","max-image-preview":"max-image-preview:large","max-video-preview":"max-video-preview:-1"},"canonical":"https:\/\/strandurlaubzinnowitz.de\/?page_id=13","og_locale":"de_DE","og_type":"article","og_title":"Freizeitgestaltung - Ferienwohnungen in Zinnowitz","og_description":"Auf der Insel Usedom erwartet Sie ein reichhaltiges Angebot zur Freizeitgestaltung. Hier nun einige Tipps, um Ihnen die Gestaltung des","og_url":"https:\/\/strandurlaubzinnowitz.de\/?page_id=13","og_site_name":"Ferienwohnungen in Zinnowitz","article_modified_time":"2022-07-02T17:09:16+00:00","twitter_card":"summary_large_image","twitter_misc":{"Gesch\u00e4tzte Lesezeit":"2\u00a0Minuten"},"schema":{"@context":"https:\/\/schema.org","@graph":[{"@type":"WebPage","@id":"https:\/\/strandurlaubzinnowitz.de\/?page_id=13","url":"https:\/\/strandurlaubzinnowitz.de\/?page_id=13","name":"Freizeitgestaltung - Ferienwohnungen in Zinnowitz","isPartOf":{"@id":"https:\/\/strandurlaubzinnowitz.de\/#website"},"datePublished":"2019-04-23T11:52:43+00:00","dateModified":"2022-07-02T17:09:16+00:00","breadcrumb":{"@id":"https:\/\/strandurlaubzinnowitz.de\/?page_id=13#breadcrumb"},"inLanguage":"de","potentialAction":[{"@type":"ReadAction","target":["https:\/\/strandurlaubzinnowitz.de\/?page_id=13"]}]},{"@type":"BreadcrumbList","@id":"https:\/\/strandurlaubzinnowitz.de\/?page_id=13#breadcrumb","itemListElement":[{"@type":"ListItem","position":1,"name":"Startseite","item":"https:\/\/strandurlaubzinnowitz.de\/"},{"@type":"ListItem","position":2,"name":"Freizeitgestaltung"}]},{"@type":"WebSite","@id":"https:\/\/strandurlaubzinnowitz.de\/#website","url":"https:\/\/strandurlaubzinnowitz.de\/","name":"Ferienwohnungen in Zinnowitz","description":"www.strandurlaub-zinnowitz.de","potentialAction":[{"@type":"SearchAction","target":{"@type":"EntryPoint","urlTemplate":"https:\/\/strandurlaubzinnowitz.de\/?s={search_term_string}"},"query-input":{"@type":"PropertyValueSpecification","valueRequired":true,"valueName":"search_term_string"}}],"inLanguage":"de"}]}},"_links":{"self":[{"href":"https:\/\/strandurlaubzinnowitz.de\/index.php?rest_route=\/wp\/v2\/pages\/13","targetHints":{"allow":["GET"]}}],"collection":[{"href":"https:\/\/strandurlaubzinnowitz.de\/index.php?rest_route=\/wp\/v2\/pages"}],"about":[{"href":"https:\/\/strandurlaubzinnowitz.de\/index.php?rest_route=\/wp\/v2\/types\/page"}],"author":[{"embeddable":true,"href":"https:\/\/strandurlaubzinnowitz.de\/index.php?rest_route=\/wp\/v2\/users\/1"}],"replies":[{"embeddable":true,"href":"https:\/\/strandurlaubzinnowitz.de\/index.php?rest_route=%2Fwp%2Fv2%2Fcomments&post=13"}],"version-history":[{"count":3,"href":"https:\/\/strandurlaubzinnowitz.de\/index.php?rest_route=\/wp\/v2\/pages\/13\/revisions"}],"predecessor-version":[{"id":249,"href":"https:\/\/strandurlaubzinnowitz.de\/index.php?rest_route=\/wp\/v2\/pages\/13\/revisions\/249"}],"wp:attachment":[{"href":"https:\/\/strandurlaubzinnowitz.de\/index.php?rest_route=%2Fwp%2Fv2%2Fmedia&parent=13"}],"curies":[{"name":"wp","href":"https:\/\/api.w.org\/{rel}","templated":true}]}}